 is the highest common factor of 108 and 2177415?
27
What is the highest common divisor of 831 and 656767?
277
Calculate the highest common divisor of 2 and 2881.
1
Calculate the greatest common factor of 290 and 1028485.
145
What is the highest common factor of 19 and 321917?
19
Calculate the greatest common divisor of 37862 and 66.
22
What is the greatest common factor of 4259092 and 472?
236
Calculate the highest common divisor of 1462 and 22.
2
What is the greatest common factor of 5848631 and 67?
67
What is the greatest common divisor of 790 and 80?
10
Calculate the highest common factor of 777024 and 288.
288
What is the highest common divisor of 133348 and 481?
37
Calculate the greatest common factor of 22990 and 2920.
10
Calculate the greatest common divisor of 130 and 14885.
65
What is the highest common factor of 409 and 32311?
409
Calculate the greatest common factor of 9124 and 328.
4
Calculate the highest common divisor of 6445567 and 289.
289
Calculate the greatest common factor of 129288 and 48.
24
What is the highest common factor of 1125 and 648?
9
What is the highest common factor of 5383 and 56?
7
Calculate the highest common divisor of 4330 and 7361.
433
Calculate the highest common divisor of 3264912 and 1148.
1148
Calculate the greatest common divisor of 435 and 3405.
15
Calculate the highest common divisor of 68014 and 62.
62
What is the greatest common factor of 535160 and 10?
10
What is the greatest common divisor of 3811 and 1133?
103
What is the highest common divisor of 33379 and 29?
29
Calculate the greatest common divisor of 40 and 3814024.
8
Calculate the highest common divisor of 4545 and 20705.
505
Calculate the greatest common factor of 28677 and 726.
363
What is the highest common factor of 181806 and 19686?
1158
What is the highest common divisor of 36 and 18342?
18
What is the highest common factor of 159301 and 482?
241
Calculate the highest common factor of 104002 and 12218.
298
What is the highest common factor of 994 and 8165?
71
What is the highest common factor of 140 and 22435?
35
Calculate the greatest common divisor of 874 and 4099934.
874
Calculate the highest common divisor of 995889 and 87.
87
What is the greatest common divisor of 10319 and 163890?
607
Calculate the greatest common factor of 483343 and 29.
29
What is the greatest common factor of 13600 and 500?
100
What is the greatest common factor of 2216 and 632114?
554
What is the highest common divisor of 2446065 and 18?
9
What is the greatest common factor of 68797 and 267?
89
What is the greatest common divisor of 21738 and 12?
6
Calculate the highest common divisor of 506 and 7933574.
506
What is the highest common factor of 4824 and 54?
18
Calculate the greatest common factor of 10179 and 63.
9
Calculate the greatest common divisor of 3155544 and 96.
24
Calculate the greatest common divisor of 3280 and 720.
80
Calculate the greatest common divisor of 2352 and 17934.
294
Calculate the highest common factor of 5452 and 116.
116
What is the highest common factor of 360 and 67840?
40
What is the greatest common divisor of 38 and 82213?
19
What is the highest common divisor of 47288 and 552?
184
What is the highest common divisor of 55615 and 5448?
227
Calculate the greatest common factor of 1971 and 43289.
73
What is the greatest common divisor of 14061 and 981?
327
What is the highest common factor of 15621 and 1524?
381
What is the greatest common divisor of 49182 and 210?
42
Calculate the greatest common factor of 1600918 and 66.
22
Calculate the highest common divisor of 61 and 99186.
61
Calculate the greatest common divisor of 124 and 6141906.
62
What is the greatest common factor of 130935 and 290?
145
What is the greatest common factor of 422 and 3975662?
422
Calculate the highest common divisor of 3905 and 3751.
11
What is the highest common divisor of 6768 and 8496?
144
Calculate the greatest common divisor of 46904 and 9152.
1144
What is the greatest common factor of 259 and 59792?
37
What is the highest common divisor of 4641 and 445893?
357
What is the greatest common divisor of 1079 and 3471?
13
Calculate the highest common factor of 67557 and 7.
7
What is the greatest common factor of 56 and 322?
14
What is the greatest common divisor of 778358 and 9441?
1049
Calculate the highest common factor of 137676 and 24.
12
What is the highest common divisor of 300565 and 47?
47
Calculate the highest common divisor of 14816 and 384.
32
Calculate the highest common factor of 2114 and 3318.
14
Calculate the greatest common divisor of 30 and 20079435.
15
What is the highest common divisor of 20988 and 66924?
396
What is the highest common factor of 407 and 16946?
37
What is the greatest common factor of 26709296 and 16?
16
Calculate the greatest common factor of 14040 and 305.
5
Calculate the greatest common divisor of 7062 and 18.
6
Calculate the highest common factor of 87 and 502425.
87
Calculate the greatest common divisor of 25145 and 940.
235
What is the greatest common divisor of 60 and 14580?
60
Calculate the highest common divisor of 700 and 11325.
25
Calculate the highest common factor of 175 and 321825.
175
Calculate the highest common divisor of 68 and 292.
4
Calculate the highest common factor of 2914 and 234248.
94
Calculate the greatest common divisor of 35 and 16786.
7
What is the highest common factor of 64 and 559424?
64
What is the greatest common divisor of 30 and 167646?
6
Calculate the greatest common factor of 39 and 1313.
13
Calculate the greatest common factor of 2646 and 4536.
378
Calculate the greatest common divisor of 809 and 1931083.
809
Calculate the greatest common factor of 3477 and 318237.
183
Calculate the greatest common divisor of 253808 and 1856.
464
What is the greatest common factor of 151112 and 2808?
104
Calculate the highest common factor of 19520 and 48.
16
Calculate the greatest common factor of 18546 and 27538.
562
Calculate the greatest common factor of 1728 and 13056.
192
What is the highest common divisor of 3693429 and 171?
171
Calculate the highest common factor of 390 and 141804.
78
What is the highest common factor of 1341268 and 478?
478
Calculate the highest common divisor of 11151 and 9828.
189
What is the greatest common factor of 4 and 197636?
4
What is the greatest common factor of 37275 and 315?
105
Calculate the highest common divisor of 113640 and 32.
8
Calculate the greatest common divisor of 13216 and 11088.
112
What is the greatest common divisor of 2323 and 1111?
101
Calculate the greatest common factor of 1633 and 13703.
71
What is the highest common factor of 598882 and 333?
37
What is the highest common divisor of 82 and 53054?
82
Calculate the highest common divisor of 36034 and 344.
86
Calculate the greatest common factor of 350 and 9650.
50
Calculate the greatest common divisor of 8750571 and 618.
309
Calculate the highest common divisor of 2881 and 737.
67
Calculate the greatest common factor of 6585 and 1965.
15
Calculate the highest common factor of 524 and 132441.
131
Calculate the greatest common factor of 6 and 227522.
2
What is the greatest common factor of 156 and 2305212?
156
What is the greatest common divisor of 1485 and 1023?
33
What is the greatest common divisor of 165836 and 44?
44
Calculate the greatest common divisor of 6776 and 1573.
121
What is the greatest common factor of 33 and 11355?
3
Calculate the highest common factor of 816 and 13209.
51
What is the highest common factor of 1656 and 85896?
72
Calculate the greatest common factor of 287 and 5125.
41
What is the greatest common factor of 2896 and 464?
16
Calculate the greatest common divisor of 2867794 and 404.
202
Calculate the greatest common divisor of 1294836 and 300.
12
Calculate the highest common divisor of 623322 and 68.
34
What is the highest common divisor of 624 and 419484?
156
Calculate the greatest common factor of 44 and 94281.
11
What is the highest common factor of 52304 and 8456?
56
What is the greatest common divisor of 56984 and 136?
136
Calculate the highest common divisor of 6460 and 918.
34
Calculate the highest common factor of 2660 and 335692.
532
What is the highest common divisor of 845 and 267280?
65
Calculate the greatest common divisor of 54 and 165294.
54
Wh